{"id":9,"date":"2019-12-09T11:59:57","date_gmt":"2019-12-09T11:59:57","guid":{"rendered":"http:\/\/horizonteweb.de\/?page_id=9"},"modified":"2025-01-19T13:48:04","modified_gmt":"2025-01-19T13:48:04","slug":"ueber-uns","status":"publish","type":"page","link":"https:\/\/horizonteweb.de\/?page_id=9","title":{"rendered":"\u00dcber Uns"},"content":{"rendered":"\n<p><strong>Unser Verein f\u00f6rdert Aktivit\u00e4ten gegen den Klimawandel und engagiert sich f\u00fcr  politisch oder religi\u00f6s Verfolgte, bezieht Stellung gegen <\/strong><strong>Gewalt, Drogen und Extremismus. <\/strong><\/p>\n\n\n\n<p><strong>Der Verein Horizonte betreibt die Internetseite &#8222;InfoB&#8220;<br><\/strong><\/p>\n\n\n\n<p><strong>Asyl:<\/strong>\n Wir gestalten Fl\u00fcchtlingsarbeit, arbeiten mit den Menschen als \nIndividuen. Wir beziehen aber auch die Ursachen ihrer Flucht in unsere \nArbeit ein. Ohne substantielle Ver\u00e4nderungen im Heimatland werden sie \nund wir keinen Frieden haben &#8211; was k\u00f6nnen wir dazu beitragen?<\/p>\n\n\n\n<p><strong>Antirassismus:<\/strong> Wir sind aktiv im B\u00fcndnis &#8222;Barsinghausen ist bunt!&#8220;<\/p>\n\n\n\n<p><strong>Projektarbeit:<\/strong> Nach unseren M\u00f6glichkeiten entwickeln wir allein oder auch gemeinsam mit Partnern Projekte, auch mit NGOs aus dem Ausland.<\/p>\n\n\n\n<p><strong>Unser Spendenkonto:<br>Stadtsparkasse Barsinghausen BLZ 251 512 70<br>Kto: Horizonte e.V.; Nr.: 192070<br>IBAN: DE10 2515 1270 0000 1920 70<br>BIC: NOLADE21BAH<\/strong><\/p>\n\n\n\n<p><strong>&nbsp;Satzung des gemeinn\u00fctzigen Vereins \u201eHorizonte\u201c&nbsp;<\/strong><\/p>\n\n\n\n<p>&nbsp;<strong>\u00a7 1 Name und Sitz<br><\/strong>Der Verein f\u00fchrt den Namen \u201eHorizonte\u201c .<br>Er soll in das Vereinsregister eingetragen werden und tr\u00e4gt dann den Zusatz \u201ee.V.&#8220;<br>Der Sitz des Vereins ist Barsinghausen.<\/p>\n\n\n\n<p><strong>\u00a7 2 Gesch\u00e4ftsjahr<br><\/strong>Gesch\u00e4ftsjahr ist das Kalenderjahr.<\/p>\n\n\n\n<p><strong>\u00a7 3 Zweck des Vereins<\/strong><\/p>\n\n\n\n<p><strong>\u00a7 3 Zweck des Vereins<\/strong><\/p>\n\n\n\n<p>Der Verein verfolgt ausschlie\u00dflich und unmittelbar gemeinn\u00fctzige Zwecke im Sinne des Abschnitts &#8222;Steuerbeg\u00fcnstigte Zwecke&#8220; der Abgabenordnung.<\/p>\n\n\n\n<p>Zweck des Vereins ist die F\u00f6rderung des Klimaschutzes und die F\u00f6rderung der Hilfe f\u00fcr politisch, rassistisch oder religi\u00f6s verfolgte und gefl\u00fcchtete Menschen.<\/p>\n\n\n\n<p>Die Satzungszwecke werden verwirklicht insbesondere durch<\/p>\n\n\n\n<ul>\n<li>paedagogische Projekte f\u00fcr Gefl\u00fcchtete und Verfolgte<\/li>\n\n\n\n<li>Mitarbeit in Hilfsorganisationen f\u00fcr Gefl\u00fcchtete und Verfolgte<\/li>\n\n\n\n<li>Verbreitung von Informationen zum lokalen Klimaschutz in lokalen Medien und auch im Internet.<\/li>\n<\/ul>\n\n\n\n<p><strong><br><\/strong>Der Verein verfolgt ausschlie\u00dflich und unmittelbar gemeinn\u00fctzige Zwecke im Sinne des Abschnitts &#8222;Steuerbeg\u00fcnstigte Zwecke&#8220; der Abgabenordnung.<br><\/p>\n\n\n\n<p><strong>\u00a7 4 Selbstlose T\u00e4tigkeit<br><\/strong>Der Verein ist selbstlos t\u00e4tig; er verfolgt nicht in erster Linie eigenwirtschaftliche Zwecke.<\/p>\n\n\n\n<p><strong>\u00a7 5 Mittelverwendung<br><\/strong>Mittel\n des Vereins d\u00fcrfen nur f\u00fcr die satzungsm\u00e4\u00dfigen Zwecke verwendet werden.\n Die Mitglieder erhalten keine Zuwendungen aus Mitteln des Vereins.<\/p>\n\n\n\n<p><strong>\u00a7 6 Verbot von Beg\u00fcnstigungen<br><\/strong>Es\n darf keine Person durch Ausgaben, die dem Zweck der K\u00f6rperschaft fremd \nsind, oder durch unverh\u00e4ltnism\u00e4\u00dfig hohe Verg\u00fctungen beg\u00fcnstigt werden.&nbsp;<\/p>\n\n\n\n<p><strong>\u00a7 7 Erwerb der Mitgliedschaft<br><\/strong>Vereinsmitglieder k\u00f6nnen nur nat\u00fcrliche Personen werden.<br>Der Aufnahmeantrag ist schriftlich zu stellen.<br>\u00dcber den Aufnahmeantrag entscheidet der Vorstand.<br>Gegen\n die Ablehnung, die keiner Begr\u00fcndung bedarf, steht dem\/der Bewerber\/in \ndie Berufung an die Mitgliederversammlung zu, welche dann endg\u00fcltig \nentscheidet.<\/p>\n\n\n\n<p><strong>\u00a7 8 Beendigung der Mitgliedschaft<br><\/strong>Die Mitgliedschaft endet durch Austritt, Ausschluss oder Tod.<br>Der\n Austritt erfolgt durch schriftliche Erkl\u00e4rung gegen\u00fcber einem \nvertretungsberechtigten Vorstandsmitglied. Die schriftliche \nAustrittserkl\u00e4rung muss mit einer Frist von einem Monat jeweils zum Ende\n des Gesch\u00e4ftsjahres gegen\u00fcber dem Vorstand erkl\u00e4rt werden.<\/p>\n\n\n\n<p>Ein\n Ausschluss kann nur aus wichtigem Grund erfolgen. Wichtige Gr\u00fcnde sind \ninsbesondere ein die Vereinsziele sch\u00e4digendes Verhalten, die Verletzung\n satzungsm\u00e4\u00dfiger Pflichten oder Beitragsr\u00fcckst\u00e4nde von mindestens einem \nJahr.<br>\u00dcber den Ausschluss entscheidet der Vorstand. Gegen den \nAusschluss steht dem Mitglied die Berufung an die Mitgliederversammlung \nzu, die schriftlich binnen eines Monats an den Vorstand zu richten ist. \nDie Mitgliederversammlung entscheidet im Rahmen des Vereins endg\u00fcltig.<\/p>\n\n\n\n<p><strong>\u00a7 9 Beitr\u00e4ge<br><\/strong>Von den Mitgliedern werden Beitr\u00e4ge erhoben. Die H\u00f6he der Beitr\u00e4ge und deren F\u00e4lligkeit bestimmt die Mitgliederversammlung.<br><\/p>\n\n\n\n<p><strong>\u00a7 10 Organe des Vereins<br><\/strong>Organe des Vereins sind die Mitgliederversammlung und der Vorstand.<\/p>\n\n\n\n<p><strong>\u00a7 11 Mitgliederversammlung<br><\/strong>Die\n Mitgliederversammlung ist das oberste Vereinsorgan. Zu ihren Aufgaben \ngeh\u00f6ren insbesondere die Wahl und Abwahl des Vorstands, Entlastung des \nVorstands, Entgegennahme der Berichte des Vorstandes, Wahl des \nKassenpr\u00fcfers der Kassenpr\u00fcferin, Festsetzung von Beitr\u00e4gen und deren \nF\u00e4lligkeit, Beschlussfassung \u00fcber die \u00c4nderung der Satzung, \nBeschlussfassung \u00fcber die Aufl\u00f6sung des Vereins, Entscheidung \u00fcber \nAufnahme und Ausschluss von Mitgliedern, sowie weitere Aufgaben, soweit \nsich diese aus der Satzung oder nach dem Gesetz ergeben.<\/p>\n\n\n\n<p>Im\n erstem Quartal eines jeden Gesch\u00e4ftsjahres findet eine ordentliche \nMitgliederversammlung statt. Weitere Mitgliederversammlungen werden nach\n Bedarf durch den Vorstand einberufen. Die Mitgliederversammlung wird \nvom Vorstand unter Einhaltung einer Frist von einem Monat schriftlich \nunter Angabe der Tagesordnung einberufen. Der Vorstand ist zur \nEinberufung einer au\u00dferordentlichen Mitgliederversammlung mit verk\u00fcrzter\n Ladungsfrist von einer Woche verpflichtet, wenn mindestens ein Drittel \nder Mitglieder dies schriftlich unter Angabe von Gr\u00fcnden verlangt.<\/p>\n\n\n\n<p>Die\n Mitgliederversammlung ist ohne R\u00fccksicht auf die Zahl der erschienenen \nMitglieder beschlussf\u00e4hig. Zu Beginn der Mitgliederversammlung ist ein \nSchriftf\u00fchrer zu w\u00e4hlen. Jedes Mitglied hat eine Stimme. Das Stimmrecht \nkann nur pers\u00f6nlich oder f\u00fcr ein Mitglied unter Vorlage einer \nschriftlichen Vollmacht ausge\u00fcbt werden. Bei Abstimmungen entscheidet \ndie einfache Mehrheit der abgegebenen Stimmen. Satzungs\u00e4nderungen und \ndie Aufl\u00f6sung des Vereins k\u00f6nnen nur mit einer Mehrheit von 2\/3 der \nanwesenden Mitglieder beschlossen werden. Stimmenthaltungen und \nung\u00fcltige Stimmen bleiben au\u00dfer Betracht. \u00dcber die Beschl\u00fcsse der \nMitgliederversammlung ist ein Protokoll anzufertigen, das vom \nVersammlungsleiter und dem Schriftf\u00fchrer zu unterzeichnen ist.<\/p>\n\n\n\n<p><strong>\u00a7 12 Vorstand<br><\/strong>Der\n Vorstand im Sinn des \u00a7 26 BGB besteht aus dem\/der 1. und 2. \nVorsitzenden. Sie vertreten gemeinsam den Verein gerichtlich und \nau\u00dfergerichtlich. <br>Der Vorstand wird von der Mitgliederversammlung auf die Dauer von zwei Jahren gew\u00e4hlt.<br>Vorstandsmitglieder k\u00f6nnen nur Mitglieder des Vereins werden. Wiederwahl ist zul\u00e4ssig.<br>Der Vorstand bleibt solange im Amt, bis ein neuer Vorstand gew\u00e4hlt ist.<br>Bei Beendigung der Mitgliedschaft im Verein endet auch das Amt als Vorstand.&nbsp;<\/p>\n\n\n\n<p><strong>\u00a7 13 Kassenpr\u00fcfung<br><\/strong>Die Kassenpr\u00fcfung findet einmal im Jahr statt.<br>Die\n Mitgliederversammlung w\u00e4hlt f\u00fcr die Dauer von zwei Jahren eine\/n \nKassenpr\u00fcfer\/in. Diese\/r darf nicht Mitglied des Vorstands sein. \nWiederwahl ist zul\u00e4ssig.<\/p>\n\n\n\n<p><strong>\u00a7 14 Aufl\u00f6sung des Vereins<br><\/strong>Bei\n Aufl\u00f6sung des Vereins oder bei Wegfall steuerbeg\u00fcnstigter Zwecke f\u00e4llt \ndas Verm\u00f6gen der Siegfried Lehmann-Stiftung in Barsinghausen zu, die es \nunmittelbar und ausschlie\u00dflich f\u00fcr gemeinn\u00fctzige, mildt\u00e4tige oder \nkirchliche Zwecke zu verwenden hat.<\/p>\n\n\n\n<p>Barsinghausen, den 23.10.2014<\/p>\n\n\n\n<p>1. Vors. Frank Roth<\/p>\n\n\n\n<p>Protokoll Jutta Volz<\/p>\n","protected":false},"excerpt":{"rendered":"<p>Unser Verein f\u00f6rdert Aktivit\u00e4ten gegen den Klimawandel und engagiert sich f\u00fcr politisch oder religi\u00f6s Verfolgte, bezieht Stellung gegen Gewalt, Drogen<\/p>\n","protected":false},"author":1,"featured_media":0,"parent":0,"menu_order":5,"comment_status":"closed","ping_status":"closed","template":"","meta":{"footnotes":""},"_links":{"self":[{"href":"https:\/\/horizonteweb.de\/index.php?rest_route=\/wp\/v2\/pages\/9"}],"collection":[{"href":"https:\/\/horizonteweb.de\/index.php?rest_route=\/wp\/v2\/pages"}],"about":[{"href":"https:\/\/horizonteweb.de\/index.php?rest_route=\/wp\/v2\/types\/page"}],"author":[{"embeddable":true,"href":"https:\/\/horizonteweb.de\/index.php?rest_route=\/wp\/v2\/users\/1"}],"replies":[{"embeddable":true,"href":"https:\/\/horizonteweb.de\/index.php?rest_route=%2Fwp%2Fv2%2Fcomments&post=9"}],"version-history":[{"count":2,"href":"https:\/\/horizonteweb.de\/index.php?rest_route=\/wp\/v2\/pages\/9\/revisions"}],"predecessor-version":[{"id":135,"href":"https:\/\/horizonteweb.de\/index.php?rest_route=\/wp\/v2\/pages\/9\/revisions\/135"}],"wp:attachment":[{"href":"https:\/\/horizonteweb.de\/index.php?rest_route=%2Fwp%2Fv2%2Fmedia&parent=9"}],"curies":[{"name":"wp","href":"https:\/\/api.w.org\/{rel}","templated":true}]}}