{"id":1,"date":"2019-12-09T11:55:24","date_gmt":"2019-12-09T11:55:24","guid":{"rendered":"http:\/\/horizonteweb.de\/?page_id=1"},"modified":"2025-01-20T12:16:12","modified_gmt":"2025-01-20T12:16:12","slug":"home","status":"publish","type":"page","link":"https:\/\/horizonteweb.de\/","title":{"rendered":"Home"},"content":{"rendered":"\n<div class=\"wp-block-columns is-layout-flex wp-container-core-columns-is-layout-1 wp-block-columns-is-layout-flex\">\n<div class=\"wp-block-column is-layout-flow wp-block-column-is-layout-flow\" style=\"flex-basis:66.66%\">\n<p>In den vergangenen Jahren mussten wir unsere Aktivit\u00e4ten stark einschr\u00e4nken: Es blieb uns nur das gut laufende Fahrradprojekt, denn unser Kooperations-Ladenprojekt f\u00fcr 2019 wurde nicht gef\u00f6rdert und unser B\u00fcro wurde beim Brand des Seminarhauses zerst\u00f6rt!<\/p>\n\n\n\n<p>Ende 2023 starteten wir das Internetprojekt &#8222;InfoB&#8220; als unabh\u00e4ngige lokale Informationsquelle, das anf\u00e4ngliche Gesicht haben wir mittlerweile ge\u00e4ndert und sind gerade dabei, wieder Inhalte einzuf\u00fcgen.<\/p>\n\n\n\n<p>Wegen der sich versch\u00e4rfenden Situation in der bundesdeutschen Parteienlandschaft bearbeiten wir aber augenblicklich im Schwerpunkt Ma\u00dfnahmen und Infos gegen den voranschreitenden Faschismus. Bei der Europawahl 2024 hatten \u00fcber 3000 Wahlberechtigte aus Barsinghausen die AfD gew\u00e4hlt! Dieses Faschismus-Potential in unserer Kleinstadt ist unglaublich. Wenn es stimmt, dass &#8222;Nur Faschisten w\u00e4hlen Faschisten&#8220;, dann haben wir hier ein gro\u00dfes, nein, ein sehr gro\u00dfes braunes Problem!<\/p>\n\n\n\n<p><strong>Unsere Hilfsmittel: <\/strong><\/p>\n\n\n\n<p><strong>Sammelmappe<\/strong> &#8222;AfD, rechtsextreme Gruppierungen, Klimaleugner und Verschw\u00f6rungsanh\u00e4nger in Barsinghausen&#8220; Wir sammeln Infos aus der lokalen Szene.<\/p>\n\n\n\n<p><strong>Bildmappe<\/strong> Wir sammeln Bildmaterial, das der lokalen Auseinandersetzung \u00fcber Menschenrechte und Demokratie dienen kannt, es wird hier verf\u00fcgbar.<\/p>\n\n\n\n<p><\/p>\n\n\n\n<p><\/p>\n\n\n\n<p><\/p>\n\n\n\n<p><\/p>\n\n\n\n<p><\/p>\n\n\n\n<p><\/p>\n\n\n\n<p><\/p>\n\n\n\n<p><\/p>\n\n\n\n<p><\/p>\n\n\n\n<p><\/p>\n\n\n\n<p><\/p>\n\n\n\n<p><strong><br><\/strong><\/p>\n\n\n\n<blockquote class=\"wp-block-quote is-layout-flow wp-block-quote-is-layout-flow\">\n<p><\/p>\n\n\n\n<p><\/p>\n<\/blockquote>\n\n\n\n<p><br><\/p>\n\n\n\n<p><\/p>\n\n\n\n<p><strong><em>Ein Mensch<\/em><\/strong><\/p>\n\n\n\n<p><strong><em>zu uns gekommen, um zu \u00fcberleben<\/em><\/strong><br><strong><em>zu uns gekommen, um Kraft zu sch\u00f6pfen<\/em><\/strong><br><strong><em>zu uns gekommen, um wieder zu gehen<\/em><\/strong><br><strong><em>zu uns gekommen, um zu bleiben<\/em><\/strong><\/p>\n\n\n\n<p><strong><em>Proj<\/em><em>ekte gegen Rassismus und Ausgrenzung<\/em><\/strong><\/p>\n<\/div>\n\n\n\n<div class=\"wp-block-column is-layout-flow wp-block-column-is-layout-flow\" style=\"flex-basis:33.33%\">\n<p><strong>Unser erster Fahrrad-Kurs f\u00fcr&nbsp;gefl\u00fcchtete Frauen im Mai 2019<\/strong><\/p>\n\n\n\n<p><\/p>\n\n\n\n<p><strong> Die &nbsp;Jesiden <\/strong>&#8211; Veranstaltungsreihe \u00fcber Religion, Geschichte, Schicksale, Genozid 2014, Wege nach Deutschland <\/p>\n\n\n\n<p><\/p>\n\n\n\n<p><\/p>\n\n\n\n<p>Unser Spendenkonto<\/p>\n\n\n\n<p><strong>Horizonte e.V.<br>Stadtsparkasse Barsinghausen<br>KtoNr.: &nbsp; 192070<br>BLZ: 251 512 70<br>IBAN: DE 10 2515 1270 0000 1920 70<br>BIC: NOLADE21BAH<\/strong><\/p>\n\n\n\n<p>Wir\n sind als gemeinn\u00fctzig anerkannt und stellen f\u00fcr jede Spende eine \nSpendenquittung aus. Daf\u00fcr ben\u00f6tigen wir den vollst\u00e4ndigen Namen und die\n Adresse!<\/p>\n<\/div>\n<\/div>\n","protected":false},"excerpt":{"rendered":"<p>In den vergangenen Jahren mussten wir unsere Aktivit\u00e4ten stark einschr\u00e4nken: Es blieb uns nur das gut laufende Fahrradprojekt, denn unser<\/p>\n","protected":false},"author":1,"featured_media":0,"parent":0,"menu_order":1,"comment_status":"closed","ping_status":"closed","template":"","meta":{"footnotes":""},"_links":{"self":[{"href":"https:\/\/horizonteweb.de\/index.php?rest_route=\/wp\/v2\/pages\/1"}],"collection":[{"href":"https:\/\/horizonteweb.de\/index.php?rest_route=\/wp\/v2\/pages"}],"about":[{"href":"https:\/\/horizonteweb.de\/index.php?rest_route=\/wp\/v2\/types\/page"}],"author":[{"embeddable":true,"href":"https:\/\/horizonteweb.de\/index.php?rest_route=\/wp\/v2\/users\/1"}],"replies":[{"embeddable":true,"href":"https:\/\/horizonteweb.de\/index.php?rest_route=%2Fwp%2Fv2%2Fcomments&post=1"}],"version-history":[{"count":20,"href":"https:\/\/horizonteweb.de\/index.php?rest_route=\/wp\/v2\/pages\/1\/revisions"}],"predecessor-version":[{"id":149,"href":"https:\/\/horizonteweb.de\/index.php?rest_route=\/wp\/v2\/pages\/1\/revisions\/149"}],"wp:attachment":[{"href":"https:\/\/horizonteweb.de\/index.php?rest_route=%2Fwp%2Fv2%2Fmedia&parent=1"}],"curies":[{"name":"wp","href":"https:\/\/api.w.org\/{rel}","templated":true}]}}